 g(k) = 6667*k**3 + 56*k**2 + 62*k + 5. Calculate g(-1).
-6668
Let q(l) = -550*l + 15314. Calculate q(27).
464
Let c(f) = -38*f + 447. Give c(12).
-9
Let w(o) = 22*o**2 + 187*o + 14. What is w(-13)?
1301
Let v(i) = 160249*i + 2243488. Give v(-14).
2
Let u(b) = -337*b + 70561. Calculate u(210).
-209
Let d(g) = -28*g**3 + 5*g**2 - 75*g - 78. Give d(-1).
30
Let g(v) = -36*v**2 + 432*v - 866. Give g(2).
-146
Let s(k) = -k**3 - 8*k**2 + 38*k + 104. Determine s(-6).
-196
Let b(o) = -757*o + 47433. Determine b(64).
-1015
Let x(g) = -2505*g - 28139. Determine x(-11).
-584
Let j(s) = 406159*s - 24775704. Give j(61).
-5
Let x(g) = g**3 + 6*g**2 - 553*g - 3344. Calculate x(-6).
-26
Let s(j) = 2*j**2 + 8957*j - 62641. Calculate s(7).
156
Let g(c) = -46*c + 12341. What is g(266)?
105
Let v(o) = -o**2 + 5622*o - 67200. What is v(12)?
120
Let f(y) = -14101*y + 3172725. What is f(225)?
0
Let u(z) = -151445*z + 2271621. Determine u(15).
-54
Let l(f) = 8*f - 333. Calculate l(42).
3
Let s(w) = -1363*w + 133123. Determine s(98).
-451
Let d(q) = 65*q**2 - 24815*q - 80845. Calculate d(385).
5
Let l(u) = 36*u**3 + 16*u**2 - 63*u - 23. Calculate l(5).
4562
Let p(t) = -3*t**3 - 26*t**2 + 29*t - 107. Give p(-10).
3
Let w(k) = -18*k**3 - 1177*k**2 + 733*k + 175. What is w(-66)?
-287
Let x(f) = 177*f - 4204. Calculate x(50).
4646
Let r(z) = -z**2 + 49*z + 47083. Determine r(-194).
-59
Let u(m) = 27813*m + 5228849. Determine u(-188).
5
Let o(q) = -8*q**3 + 100*q**2 + 536*q - 6610. Determine o(12).
398
Let f(r) = -7*r**2 - 1917*r - 59979. What is f(-36)?
-39
Let f(c) = -4*c**3 + 325*c**2 - 699*c - 556. Give f(79).
392
Let g(u) = u**3 - 11*u**2 - 3292*u + 1004. Calculate g(63).
-4
Let p(l) = l**2 - 71*l - 6070. Give p(107).
-2218
Let p(x) = -x**3 - 4*x**2 + 62*x - 293. Determine p(9).
-788
Let b(i) = -359*i + 17159. Determine b(48).
-73
Let i(y) = -5934*y - 231459. Give i(-39).
-33
Let u(v) = 9*v**2 - 592*v + 19. What is u(68)?
1379
Let w(g) = -g**2 + 30031*g + 150214. Determine w(-5).
34
Let l(s) = -s**3 - 20*s**2 + 30*s + 351. Calculate l(-14).
-1245
Let q(m) = -3*m**2 - 140*m + 5686. Give q(27).
-281
Let p(j) = 4*j**2 - 578*j + 3292. Give p(6).
-32
Let b(x) = 7*x**2 + 694*x + 15589. Calculate b(-65).
54
Let d(r) = -20*r**3 + 20656*r**2 - 20661*r + 5. What is d(1)?
-20
Let s(z) = -z**3 - 37*z**2 + 103*z + 1349. What is s(-33)?
-6406
Let c(z) = -1163*z - 10193. Calculate c(-10).
1437
Let i(l) = -87977*l + 967750. What is i(11)?
3
Let t(r) = 160*r + 762. Calculate t(-6).
-198
Let h(c) = -7*c**3 - 22*c**2 - 2*c - 599. Determine h(0).
-599
Let l(s) = -4442*s + 62139. Give l(14).
-49
Let v(s) = 28902*s + 578134. Determine v(-20).
94
Let c(r) = 235*r - 1684. Determine c(7).
-39
Let m(o) = -o**2 - 24156*o - 1012790. Determine m(-42).
-2
Let i(h) = h**3 - 70*h**2 + 112*h + 1273. What is i(68)?
-359
Let p(t) = -55*t**2 + 1524*t + 11767. What is p(34)?
3
Let c(u) = 1121*u**2 - 2065*u - 349. What is c(2)?
5
Let t(m) = -m**2 - 1020*m + 11356. Determine t(11).
15
Let a(t) = 971*t + 17423. What is a(-18)?
-55
Let h(o) = 7*o**2 + 16*o + 315. Determine h(-9).
738
Let l(d) = -34*d + 3867. Calculate l(74).
1351
Let s(w) = w**3 - 89*w**2 + 393*w - 4533. Calculate s(85).
-28
Let c(s) = -4*s**3 - 49*s**2 - 103*s - 1930. Determine c(-13).
-84
Let a(l) = -22*l**2 + 110*l + 166. Give a(6).
34
Let k(s) = -2*s**2 - 99*s - 704. Give k(-36).
268
Let w(t) = -t**3 - 63*t**2 - 462*t + 7638. Calculate w(-51).
-12
Let y(f) = 161*f + 7142. Give y(-42).
380
Let b(z) = 3*z**2 + 34205*z + 648841. What is b(-19)?
29
Let g(l) = -l**2 - 3142*l - 908023. What is g(-322)?
17
Let q(b) = -b**3 - 68*b**2 + 312*b + 1655. Determine q(-72).
-73
Let t(l) = -2*l**2 - 130*l + 2917. Determine t(15).
517
Let n(q) = q**3 + 984*q**2 + 782*q - 197574. Give n(-983).
9
Let o(s) = -s**3 + 566*s**2 + 22920*s + 19309. Calculate o(604).
-19
Let d(p) = p**3 - 63*p**2 + 88*p + 1328. Give d(61).
-746
Let g(t) = -807398*t - 4037036. Calculate g(-5).
-46
Let i(g) = -17*g**2 - 4707*g + 932. What is i(-277)?
378
Let r(y) = -9664*y + 77149. Give r(8).
-163
Let u(m) = 66*m**3 - 978*m**2 - 176*m - 50. Give u(15).
10
Let d(g) = -65*g - 433. What is d(-9)?
152
Let y(f) = 153*f**2 + 1574*f + 7866. Determine y(-5).
3821
Let m(q) = -2*q**3 - 128*q**2 + 143*q + 274. What is m(-65)?
-571
Let f(b) = 32725*b - 752673. What is f(23)?
2
Let a(x) = x**3 + 7*x**2 - 289*x + 86. Determine a(14).
156
Let p(y) = -2*y**2 + 129*y - 2208. Determine p(39).
-219
Let o(n) = -130*n - 1009. Calculate o(-10).
291
Let w(n) = -1759*n + 2402. Give w(3).
-2875
Let x(q) = 110*q + 109. Determine x(16).
1869
Let s(c) = c**3 - 515*c**2 + 521*c - 3613. Determine s(514).
-15
Let r(h) = -901*h - 70. What is r(-1)?
831
Let p(h) = 2*h**2 + 3986*h - 44083. Give p(11).
5
Let s(w) = -3*w**3 + 239*w**2 - 160*w + 533. What is s(79)?
375
Let r(k) = 2873*k**2 + 137901*k - 125. What is r(-48)?
19
Let c(y) = -18407*y + 16750388. Give c(910).
18
Let o(y) = -1096*y**2 + 9846*y - 23. Determine o(9).
-185
Let t(i) = i**3 + 63*i**2 + 867*i - 261. What is t(-21)?
54
Let q(k) = 635*k + 1103. Give q(-2).
-167
Let l(g) = 9*g**3 + 229*g**2 + 77*g + 19. Give l(-25).
594
Let p(b) = b**3 + 49*b**2 + 583*b + 28407. What is p(-49)?
-160
Let y(k) = -20*k**3 + 4*k**2 - 2448*k - 4918. Give y(-2).
154
Let l(q) = -q**3 - q**2 + 18*q + 23. Give l(-5).
33
Let d(h) = -h**3 - 57*h**2 + 251*h + 7768. Give d(-59).
-79
Let q(z) = 51784*z + 5126631. Calculate q(-99).
15
Let w(n) = 1778*n - 46201. Calculate w(26).
27
Let w(v) = v**3 - 31*v**2 + 93*v + 403. Give w(27).
-2
Let q(x) = -11*x**2 - 7431*x - 11464. What is q(-674)?
-6
Let b(y) = y**3 - 55*y**2 - 646*y - 13. Determine b(-10).
-53
Let q(s) = 379*s**3 - 5*s**2 + 112*s - 110. What is q(1)?
376
Let n(u) = 3*u**3 + 264*u**2 + 4*u + 173. What is n(-88)?
-179
Let p(n) = -31*n**3 - 3*n**2 - 5*n - 2. What is p(-2)?
244
Let g(x) = 233984*x - 26206208. What is g(112)?
0
Let i(k) = -k**2 + 4209*k + 2966757. Determine i(-615).
-3
Let t(l) = -l**3 + 719*l**2 - 37744*l + 6591. Determine t(662).
-29
Let r(x) = 2*x**3 - 422*x**2 + 21342*x - 756. Calculate r(127).
6
Let d(k) = -574*k - 37448. Calculate d(-65).
-138
Let a(b) = 7*b**2 - 51*b - 12. Calculate a(22).
2254
Let o(a) = 15272*a + 16299. Calculate o(-1).
1027
Let f(y) = -329*y**2 - 6922*y - 58. What is f(-21)?
215
Let p(y) = y**2 - 352*y + 3770. Determine p(14).
-962
Let h(z) = -11720*z + 5. What is h(0)?
5
Let b(k) = -732*k + 34490. Determine b(49).
-1378
Let d(a) = -274*a**2 + 840*a + 38. Give d(5).
-2612
Let t(h) = 276*h + 55558. Give t(-201).
82
Let l(d) = 16*d**3 + 51*d**2 + 48*d + 366. Determine l(-5).
-599
Let b(v) = 8*v**2 - 30367*v - 30383. Calculate b(-1).
-8
Let h(q) = -2*q**2 - 422*q + 115546. Calculate h(-368).
-6
Let i(j) = 3092*j - 3339. What is i(1)?
-247
Let a(i) = -4*i**2 + 293*i - 1959. What is a(66)?
-45
Let s(j) = 16*j**3 + 239*j**2 - 97*j - 1264. What is s(-15)?
-34
Let d(u) = 2*u**3 - 4*u**2 + 288*u + 4898. What is d(-14)?
-5406
Let g(y) = 8*y**3 + 4*y**2 + 8*y - 10. Give g(6).
1910
Let r(p) = -63*p + 1478. Determine r(9).
911
Let k(r) = 60*r**2 - 1326*r + 106. Calculate k(22).
-26
Let n(p) = -1915*p - 7712. What is n(-4)?
-52
Let g(o) = 6206*o - 384804. Give g(62).
-32
Let t(p) = -1105*p + 2. Calculate t(0).
2
Let a(q) = 1137*q + 60335. Give a(-51).
2348
Let m(q) = 76*q**2 - 2395*q + 7475. Determine m(28).
-1
Let n(v) = -585*v - 58100. Calculate n(-99).
-185
Let b(u) = -8994*u + 134871. Calculate b(15).
-39
Let t(m) = 2*m**2 + 177*m - 1981. What is t(10)?
-11
Let g(q) = q**3 + 20*q**2 - 742*q - 13257. What is g(-30)?
3
Let k(u) = 621*u - 6359. Determine k(10).
-149
Let p(o) = o**3 + 213*o**2 + 4135*o - 12796. Give p(-191).
1
Let p(v) = -2*v**3 - 79*v**2 - 149*v - 3794. Calculate p(-39).
496
Let v(a) = -1989*a + 95500. Calculate v(48).
28
Let i(a) = -20*a**3 - 131*a**2 - 274*a - 26. Determine i(-2).
158
Let f(u) = -u**2 + 427*u - 31505. Give f(95).
35
Let v(b) = b**2 - 405*b - 48265. Determine v(-96).
-169
Let w(v) = -69*v**2 - 206*v + 21. Calculate w(-3).
18
Let o(w) = 11036*w + 8475656. Determine o(-768).
8
Let b(k) = -29500*k + 767054. Determine b(26).
54
Let h(s) = 90*s - 18139. Calculate h(199).
-229
Let w(y) = y**2 - 305*y + 17304. What is w(75)?
54
Let r(l) = -6513*l + 1836680. Determi